20
Let n be -1*(142/8)/(147/(-49980)). What is the greatest common factor of 85 and n?
85
Suppose x = -8*x + 67*x - 7714. What is the highest common divisor of 1197 and x?
133
Let u = 1546 - -677. What is the highest common divisor of u and 171?
171
Let j(l) = 24*l + 314. Let w be j(-13). Let t = 21 - -1. Calculate the highest common factor of w and t.
2
Let x = 57 - -21. Suppose -8*z - 30 = -x. Suppose -15 = -m - 3*o, 0 = z*m - 3*m + 5*o - 49. Calculate the greatest common divisor of m and 2.
2
Let o(k) = 2*k**2 + 73*k + 30. Let c be o(-35). Let y = c + 76. Let q = 7 + -4. Calculate the highest common factor of y and q.
1
Let y be (-7 - -3) + 5 + (-117)/3. Let m = y + 45. Calculate the greatest common divisor of m and 56.
7
Let f(d) = -d**3 - 21*d**2 - 42*d - 187. Let n be f(-22). Calculate the highest common factor of n and 444.
111
Suppose 21*s - 30813 - 147885 = -50073. What is the greatest common factor of s and 125?
125
Suppose 26*r + 32 = 110. Suppose -3*c = c + 5*o - 81, -4*o = -r*c + 22. What is the greatest common factor of c and 4?
2
Suppose 2*p - 588 = 9*p. Let g = p - -370. What is the greatest common factor of g and 22?
22
Let s(z) be the first derivative of 22*z**3/3 - 3*z**2/2 + 2*z - 825. Let d = 4 + -3. Let g be s(d). What is the greatest common divisor of 21 and g?
21
Let g = -909 - -1629. Let q be (36/(-9) - -1)*-6. What is the highest common factor of g and q?
18
Let l(u) = 50*u**2 - 25*u + 3. Let y(k) = -k**2 - 2. Let h be y(-1). Let n be l(h). Calculate the greatest common divisor of 48 and n.
48
Let z be ((-2)/(-4))/(3/114). Let j be 90/(-35) - ((-11)/7 - -2). Let g be ((-75)/9 + 2)/(j/36). What is the greatest common divisor of g and z?
19
Let i(u) be the second derivative of -u**5/20 + u**4/3 + u**3 - 3*u**2 - 84*u + 2. Let z be i(-3). Calculate the greatest common divisor of 13 and z.
13
Let s(x) = 3*x**2 - 4 - 4*x + 5 - 18 + 0*x. Let y be s(9). Calculate the highest common divisor of y and 10.
10
Suppose 0 = -i + 2*y + 142, 403*i - 406*i + 5*y = -421. What is the greatest common factor of i and 9944?
44
Suppose -19 = -j + 3*p, 5*j - 4 = -3*p + 1. Suppose 216 - 792 = -j*m. What is the greatest common divisor of 18 and m?
18
Let v = -178 - -178. Suppose 10*d - 15 - 55 = v. Suppose -5*t + 218 + 62 = 0. Calculate the greatest common factor of d and t.
7
Let t be 7 - (1 + -3 + (0 - -2)). Suppose -2*o + 17 = t. Suppose -3*v + 75 = 3*x, -2*x + 10 = -0*x. Calculate the highest common factor of o and v.
5
Suppose -t = -4*p + 66, 0 = -4*t + 3*p - 2*p - 234. Let f = t + 121. Suppose a = 32 + f. What is the highest common divisor of 19 and a?
19
Suppose -4*s = -2*f + 14, -27 = 2*f - 5*f + 3*s. Suppose 0*d + 39 = 3*d - c, -d + 5 = -3*c. Suppose -a + f = -d. What is the highest common divisor of 50 and a?
25
Let d = -9508 - -9546. Calculate the greatest common factor of d and 950.
38
Suppose -29*x + 25*x + 4 + 8 = 0, 12*x - 156 = -5*h. Let z = -222 - -390. What is the highest common factor of z and h?
24
Let h = 88 - 102. Let g be (48/(-14))/(-9 - 122/h). What is the highest common divisor of 36 and g?
12
Let r = -395 + 574. Let w = 181 - r. Let u = 7 - 1. Calculate the highest common divisor of w and u.
2
Suppose -15*o - 802 = -16*o - 5*u, -5*o + 3962 = u. Suppose 80*z = 92*z - o. What is the greatest common factor of z and 30?
6
Let u = 103808 - 103413. Let v(d) = -d**2 + 6*d + 5. Let r be v(6). What is the greatest common factor of u and r?
5
Let s be (-24)/(-10)*5 - (19 - 13). What is the greatest common factor of s and 2238?
6
Let z be ((-11)/2)/(-6*5/99060). Calculate the greatest common factor of z and 143.
143
Let y be (8/10)/((-2)/(-115)). Let p be 299/(-65) + 6 - 21/15. Suppose p = 7*l - 87 - y. Calculate the greatest common factor of 190 and l.
19
Suppose 5*w + 4*x + 27 = 75, -14 = -2*w + x. Let s be (-5)/(-2 + 3 + 1)*-2. Suppose s*i = -w*i + 78. Calculate the greatest common divisor of 3 and i.
3
Suppose -4*i - 19 = -5*p, 0 = 5*p + 25*i - 23*i - 43. Let a be ((-9)/27)/((-1)/(-9)) + p. What is the greatest common divisor of a and 188?
4
Let k = 3237 + -1307. Calculate the highest common divisor of k and 20.
10
Let c be ((-84)/(-30))/7 - 1227/5. Let p = -205 - c. Let j be (-4)/(3/(-5 + -1)). What is the highest common factor of p and j?
8
Suppose -80*p - 99 = -91*p. Let m(k) = 7 - 2*k + k**3 + 2*k**2 + 3*k + k**2 - 3. Let w be m(-3). Calculate the greatest common divisor of p and w.
1
Let c(r) = 5*r**2 - 7*r + 21. Let l(g) = 9*g**2 - 15*g + 41. Let s(p) = -7*c(p) + 4*l(p). Let n be s(-11). Calculate the highest common divisor of 37 and n.
37
Suppose 5*y - 27200 = -4*u, -6*y + 6782 = u - 7*y. What is the highest common divisor of 7 and u?
7
Let l = -3304 + 3339. Calculate the highest common divisor of l and 27720.
35
Let r = 2325 + -2309. What is the greatest common divisor of 32 and r?
16
Suppose 3*p - 1072 = -2*a, -3*p + 4*a + 1060 = -0*a. Let l be (-32)/(-3 - 5) + p. Calculate the greatest common divisor of l and 10.
10
Let m(i) = -i**2 + 13*i + 4. Let w be m(13). Let j be 208/(-26)*(-9)/w. Suppose -27 = 4*k - 99. Calculate the greatest common divisor of k and j.
18
Let n(o) = -o + 4. Let k be n(-4). Suppose -24*h - 15*h = -195. Suppose -q + k = -3*q, -q = -h*d + 1264. What is the greatest common factor of d and 28?
28
Let k(v) = 2*v**2 + 76*v + 362. Let w be k(-5). Suppose -5*l + 2*z = -0*z - 74, -5*z = -5*l + 65. Calculate the highest common factor of w and l.
16
Let o = 180 + -14. Suppose -2*r = -2*k - 354, 176 = r - 3*k + k. Suppose o = n - x - 2*x, r = n + x. Calculate the highest common factor of 70 and n.
35
Let s(r) = 10*r**2 + 265*r + 57. Let a be s(-27). Calculate the greatest common factor of 36 and a.
12
Suppose 111 = 4*r - 113. Let n be ((-36)/4)/3*r/(-8). Calculate the highest common factor of 189 and n.
21
Let o = -71 - -2359. Calculate the greatest common factor of 65 and o.
13
Let j = 28563 - 28431. What is the greatest common factor of j and 5874?
66
Let w(v) = -v**2 - 23*v - 41. Suppose 88 = -11*p + 3*p. Let h be w(p). What is the highest common divisor of h and 21?
7
Let b(n) = -5*n - 5. Let s be b(-6). Suppose -5*r = -30 - s. Let z(l) = -l**2 + 10*l + 20. Let t be z(r). What is the greatest common divisor of t and 63?
9
Let a be 680/16*40/34. Calculate the highest common divisor of a and 3650.
50
Suppose 0*j + 15*j - 2925 = 0. Let r = j + -184. What is the highest common divisor of 143 and r?
11
Suppose -34*g - 1809 = -23705. Calculate the highest common factor of 506 and g.
46
Suppose -25*n + 21*n = 200. Let j = -55 - n. Let g = 63 + j. Calculate the highest common factor of g and 29.
29
Let o = 1448 + -1402. What is the highest common divisor of o and 10?
2
Suppose 0 = -4*y + 70*i - 73*i + 93793, -y = i - 23448. What is the highest common factor of y and 131?
131
Let o be 8/(-28) + (-116608)/(-56). Let b = 2112 - o. Suppose 2*w - 86 = 2*u, 3*w - w + 3*u = 96. What is the highest common factor of b and w?
15
Let z = 19 + 86. Suppose -110*o + 55 = -z*o. Let w = 113 - 69. What is the greatest common factor of w and o?
11
Suppose 0 = -171*q + 176*q + 40. Let a be (156/q)/13*-50. What is the greatest common factor of a and 325?
25
Suppose 46*p - 773 - 9715 = 0. Calculate the greatest common divisor of 1178 and p.
38
Let a(z) = -z**2 - 24*z + 851. Let w be a(-41). Calculate the greatest common factor of 352 and w.
22
Let r(g) = 105*g - 1975. Let m be r(20). Calculate the greatest common factor of m and 175.
25
Let i(b) = -b**3 - 10*b**2 - 6*b + 28. Let l(c) = -c**3 - 14*c**2 - 5*c - 79. Let s be l(-14). Let m be i(s). What is the highest common divisor of 5 and m?
1
Let a = 26447 - 22719. What is the greatest common factor of 112 and a?
16
Let d be -4 - (-286)/77 - 46694/(-14). Calculate the greatest common factor of 115 and d.
115
Let i(w) = w**3 + 13*w**2 - 16*w - 28. Let b be i(-14). Suppose b = 82*k - 83*k + 66. Suppose 0*r + 330 = 2*r. What is the highest common divisor of r and k?
33
Let p = 3761 - 2897. What is the highest common factor of 264 and p?
24
Suppose 57 = 4*m + 5. Suppose -35*b = -36*b + m. Suppose 4*q - 360 = -4*t, 3*q + 62 = 2*t - 123. Calculate the highest common factor of b and t.
13
Suppose 9*t - 48 = -2*q, -3*t + 2 = q - 4*t. Calculate the highest common factor of 318 and 